isor of 987400 and 50.
50
Calculate the highest common factor of 14513 and 3979.
23
Calculate the highest common divisor of 60993 and 164907.
2259
What is the greatest common divisor of 78680 and 124764?
1124
Calculate the highest common factor of 2 and 2455.
1
Calculate the greatest common factor of 1936 and 4.
4
Calculate the greatest common divisor of 663 and 1819.
17
What is the greatest common factor of 264 and 1393062?
66
What is the greatest common factor of 264 and 1644896?
88
Calculate the greatest common factor of 117508 and 783.
29
What is the greatest common factor of 73461 and 141?
141
What is the highest common factor of 32290 and 80?
10
What is the highest common divisor of 19516 and 57596?
476
Calculate the greatest common divisor of 14 and 716786.
14
What is the greatest common factor of 1359 and 4259559?
453
Calculate the highest common divisor of 3068 and 590.
118
Calculate the greatest common divisor of 1030810 and 130.
10
What is the highest common divisor of 2119 and 37979?
163
What is the highest common divisor of 324 and 254502?
162
What is the highest common divisor of 49 and 59353?
7
Calculate the highest common factor of 8343 and 13184.
103
What is the highest common factor of 3596 and 456568?
124
Calculate the greatest common factor of 377 and 3159.
13
Calculate the greatest common factor of 6 and 128602.
2
What is the highest common divisor of 206 and 778577?
103
What is the highest common factor of 48 and 548700?
12
What is the highest common divisor of 3228 and 612?
12
Calculate the highest common factor of 579520 and 64.
64
Calculate the greatest common divisor of 38 and 149131.
19
What is the greatest common divisor of 1150 and 2760?
230
Calculate the highest common factor of 2547 and 531.
9
Calculate the highest common factor of 544 and 17833.
17
Calculate the highest common divisor of 43 and 91934.
43
Calculate the greatest common factor of 11259 and 1269.
27
What is the greatest common factor of 11687 and 26?
13
Calculate the greatest common divisor of 7644 and 9114.
294
What is the highest common factor of 102711 and 876?
219
Calculate the greatest common factor of 3248 and 358295.
203
Calculate the highest common divisor of 675 and 35208.
27
What is the highest common divisor of 1540 and 412940?
220
What is the highest common factor of 35 and 1904?
7
Calculate the highest common factor of 15 and 232455.
15
Calculate the greatest common factor of 3360 and 6192.
48
Calculate the greatest common divisor of 798 and 304.
38
Calculate the highest common factor of 64 and 3632.
16
Calculate the highest common divisor of 23653 and 48608.
217
Calculate the highest common factor of 3644 and 799858.
1822
What is the greatest common factor of 590090 and 70?
10
What is the highest common divisor of 13 and 3560596?
13
What is the greatest common divisor of 46 and 46253?
23
Calculate the highest common divisor of 580 and 800.
20
Calculate the highest common factor of 4606 and 2162.
94
Calculate the highest common divisor of 700489 and 453.
151
What is the greatest common divisor of 308 and 23436?
28
Calculate the highest common divisor of 20898 and 344.
86
What is the highest common divisor of 581 and 6230?
7
What is the greatest common divisor of 1028 and 5886842?
514
What is the greatest common divisor of 32 and 187728?
16
What is the highest common divisor of 71 and 143207?
71
What is the highest common divisor of 8 and 48376?
8
Calculate the greatest common factor of 669304 and 8.
8
What is the highest common divisor of 12195 and 30081?
813
What is the highest common factor of 104 and 39533?
13
Calculate the highest common divisor of 60398 and 5681.
299
What is the highest common divisor of 267 and 2485236?
267
What is the highest common factor of 6040 and 29440?
40
What is the highest common divisor of 252 and 320481?
63
Calculate the highest common divisor of 240 and 87896.
8
Calculate the greatest common divisor of 58649 and 892.
223
Calculate the highest common factor of 79228 and 116.
116
What is the greatest common factor of 40 and 451288?
8
What is the greatest common divisor of 4500 and 16920?
180
What is the highest common divisor of 19 and 264499?
19
What is the greatest common divisor of 285120 and 43659?
891
Calculate the highest common divisor of 12 and 127524.
12
Calculate the highest common divisor of 5398 and 218.
2
Calculate the greatest common divisor of 10512 and 3600.
144
Calculate the greatest common divisor of 69897 and 207.
69
Calculate the greatest common factor of 227260 and 165.
55
What is the greatest common divisor of 4825 and 2825?
25
Calculate the greatest common divisor of 356 and 9092.
4
What is the greatest common divisor of 2277354 and 68?
34
Calculate the highest common divisor of 36 and 11646.
18
Calculate the greatest common factor of 133 and 42847.
7
What is the highest common divisor of 854 and 28609?
427
What is the greatest common divisor of 3915 and 42630?
435
What is the highest common factor of 5511 and 6127?
11
What is the highest common divisor of 17 and 62747?
17
Calculate the greatest common divisor of 115 and 8073.
23
Calculate the highest common factor of 135628 and 164.
164
What is the greatest common divisor of 12 and 7773?
3
What is the greatest common factor of 289894 and 352?
22
Calculate the greatest common divisor of 108 and 410796.
36
What is the greatest common divisor of 30847 and 1132?
283
What is the greatest common divisor of 1230 and 2220888?
246
What is the highest common factor of 90 and 18162?
18
What is the greatest common factor of 111348 and 270?
54
What is the greatest common divisor of 64415 and 7475?
65
What is the highest common divisor of 9860 and 11339?
493
Calculate the greatest common divisor of 7874 and 558.
62
What is the highest common factor of 33420 and 186038?
1114
Calculate the highest common divisor of 130 and 807755.
65
What is the greatest common divisor of 22 and 117854?
22
Calculate the greatest common divisor of 97608 and 249.
249
What is the greatest common divisor of 478476 and 36?
36
Calculate the greatest common factor of 11706 and 78.
6
Calculate the highest common divisor of 10 and 569900.
10
What is the greatest common factor of 4 and 430968?
4
What is the highest common factor of 7704 and 58636?
428
What is the highest common divisor of 20869 and 36367?
41
What is the greatest common divisor of 116 and 4698?
58
Calculate the highest common factor of 1260 and 35091.
63
Calculate the greatest common factor of 404 and 19796.
404
What is the greatest common divisor of 1597660 and 254?
254
Calculate the greatest common factor of 192 and 218208.
96
What is the greatest common factor of 72032 and 256?
32
What is the greatest common divisor of 1651 and 3497?
13
What is the highest common factor of 3090 and 26130?
30
Calculate the highest common divisor of 552 and 312.
24
Calculate the greatest common factor of 28083 and 1863.
69
Calculate the greatest common factor of 1580 and 59645.
395
What is the greatest common divisor of 104985 and 4635?
45
What is the highest common factor of 218 and 37387?
109
Calculate the highest common divisor of 3250 and 2631850.
650
What is the highest common factor of 850622 and 606?
202
Calculate the greatest common divisor of 51 and 7033512.
51
What is the greatest common divisor of 2488 and 564?
4
Calculate the greatest common factor of 344 and 10328.
8
Calculate the highest common factor of 36003 and 1617.
33
Calculate the greatest common divisor of 589 and 15035.
31
Calculate the greatest common divisor of 309284 and 1837.
167
Calculate the greatest common factor of 615 and 19020.
15
What is the greatest common divisor of 12 and 120996?
12
What is the greatest common divisor of 3884738 and 5202?
578
What is the highest common factor of 4608 and 5040?
144
Calculate the highest common factor of 97525 and 47.
47
What is the greatest common factor of 1079 and 104?
13
Calculate the highest common divisor of 643 and 11.
1
What is the highest common divisor of 756 and 33012?
252
Calculate the greatest common divisor of 1152 and 22.
2
What is the highest common factor of 8775 and 4095?
585
Calculate the greatest common factor of 70 and 8554.
14
Calculate the greatest common factor of 1350 and 1156